199 - (0 + -8).
-19
1 - (3 + (8 - 9)) - 2 - -3
0
Evaluate -30 + -3 + (-1 - -31).
-3
0 + 18 + -20 - 12 - -36
22
Evaluate (4 - 2) + (8 - 17) - (2 - -1).
-10
Evaluate -3 + -2 + (17 - -11 - 9).
14
Calculate -27 - (-5 - (5 + -5)) - (-37 + 38).
-23
0 - (-8 - -1 - (148 - 169))
-14
Evaluate (-19 - (16 + -13)) + 8.
-14
Calculate (-18 - -39 - 54) + -2 + (-1 - -3).
-33
What is the value of 7 + ((-10 - -25) + -6 + 0 - 2)?
14
What is the value of (-8 - -3 - -30) + (13 - (-6 + 13))?
31
Calculate 11 + 5 + (9 - 23).
2
7 + 8 + -24 + 11
2
Calculate (162 - 132) + (-3 - 15) + (0 - -9).
21
What is the value of (2 - (-5 - -8) - 0) + -13 + 4?
-10
Calculate -7 + (-5 - (-1 - 5)) - -3 - -6.
3
Evaluate -12 - (-10 + -1 + 5 - 5).
-1
What is the value of -5 - (73 - 68 - (13 + -1))?
2
(-28 - -19) + (1 - -2) + -5
-11
What is 4 + (-8 - 2) + (-8 - -15)?
1
Evaluate (21 - 9 - 40) + (-4 + 4 - 0).
-28
What is 11 + 6 + -60 + 22?
-21
Calculate (48 - (-25 - -92)) + (-15 - -1).
-33
What is the value of -4 - (6 - (-8 + 10))?
-8
What is the value of -3 + (-5 - -7 - 1) + (-10 - -6)?
-6
What is the value of 11 + -2 + (30 - 33 - (-7 + -3))?
16
Evaluate -25 + 6 - (1 - (3 - 4)) - -4.
-17
What is the value of (-5 - (-5 - -4)) + 0?
-4
What is the value of 0 + 0 + 1 - (-64 + 60)?
5
What is the value of (1 - -9) + 1 - (-29 - -32)?
8
What is 14 + (15 - (-12 - -41)) - (2 + 1)?
-3
What is 29 + -36 - (5 + 0)?
-12
(-17 - 14) + 18 + 19
6
-1 + (-1 - 0) + 0 - (-4 - 14)
16
-28 + (54 - 7) + -21
-2
Calculate (0 - -1 - ((6 - 10) + 24)) + 5.
-14
What is the value of -18 - (-2 + 25 + -32)?
-9
What is -11 - -5 - (0 + -20 - (-2 - 0))?
12
6 + (14 - 19) + (12 - -1)
14
-6 - (12 - (42 + -2 - (-72 - -61)))
33
4 + (-5 - 1) - (-25 + 26)
-3
(-24 - (-18 - -23)) + 19
-10
What is the value of (16 - -2) + -1 - (-21 + (21 - -6))?
11
What is -6 + 56 + -64 + -1 + 1?
-14
What is the value of 0 + 1 - (110 + -83)?
-26
Calculate -95 + -103 + 206 + (3 - 0).
11
What is -9 + -3 + (-11 - -15)?
-8
Calculate (14 - 0) + 103 + -108 - 7.
2
Evaluate 9 - -1 - (19 - (29 - 19) - 0).
1
Calculate (25 - ((-12 - -7) + 14)) + -4.
12
Calculate (2 - 11) + (10 - ((1 - -27) + -13)).
-14
Calculate -8 - -9 - 15 - (23 - 10).
-27
Evaluate -3 + (1 - 0) - (49 + -40).
-11
Evaluate ((-6 - -12) + -31 - -4) + 1.
-20
What is the value of (11 - 19) + 10 + -13 - -54 - 10?
33
Calculate 12 + (-8 + -1 - 4) + 5.
4
Evaluate -2 + (-15 - -10) + 4 + 9.
6
Evaluate 4 - (-12 + (-5 - -30)).
-9
-8 + 15 + 5 + -10 + -4 + 7
5
What is -14 - (-1 - (0 + -9) - (316 + -315))?
-21
Evaluate 6 + (-1 + 1 + -3 - 13).
-10
6 - 19 - (-8 + (-11 - -13))
-7
(220 - 224) + 10 + 1
7
Evaluate 23 + -20 + 7 + -9.
1
-60 + 46 + (22 - -1)
9
Calculate 1 + (28 - -1) + -205 + 192.
17
Calculate -3 + -3 + -4 + (-28 - -22).
-16
-2 + -9 + -17 + (5 - (-11 + -4))
-8
What is the value of -2 + 2 + (-13 + 0 - (-11 - -5))?
-7
What is (9 + -10 - -1) + -3 + -1 + 8?
4
14 - (-3 + -2 - -18)
1
Calculate -20 + 0 + (-4 + -7 - (-11 - 2)).
-18
What is the value of -8 + 2 - (17 + -24) - 5?
-4
(-1 - 0) + 8 - (12 + 24 + -34)
5
What is (8 - 7) + -8 - -11 - (15 + 0)?
-11
What is the value of 10 + -9 + -7 + (-5 + -3 - -3)?
-11
Evaluate 1 + (2 + 0 - (1 + 11 + -6)).
-3
Evaluate -26 - (-1 - (-2 - (2 + (-5 - 6)))).
-18
-7 + 4 - (-107 + 104 - (1 + -10))
-9
(-12 - -4) + 5 + 6 + -7 + 3
-1
What is the value of -14 - (34 + -39) - -37?
28
What is (-8 + 7 - 13) + (-48 - -46)?
-16
Evaluate -12 - (-12 + 23 - 17).
-6
-8 + (1 + (1 - -1) - (6 + 2))
-13
What is the value of (-3 - (1 + -7) - 3) + -208 + 208?
0
What is the value of -7 - ((4 - 7) + -18 + 7) - 4?
3
What is the value of 34 + (-4 - 12) - 14?
4
What is 8 + 10 + -9 - 13?
-4
What is the value of 0 - (-12 + 6 + 11)?
-5
What is -1 + 5 + 65 + -68?
1
Calculate 0 + 0 + 1 - (13 + -30 + 11).
7
What is -6 - (-5 - -3 - -5)?
-9
Calculate 16 - (-4 + 5 - (27 - 25)).
17
What is (-12 - -4) + 15 + -9 - 2?
-4
Calculate -7 + (5 - -6 - 5 - (-6 + 8)).
-3
Calculate 23 + -5 + 0 - (-2 + 12 + -1).
9
10 - (28 + -2) - (12 - 3)
-25
What is the value of (11 - 45 - -32 - (2 + 0)) + -34?
-38
Calculate (0 + 2 - -2) + -2 + -122 + 117.
-3
Evaluate -5 + 0 + (10 - 3) + -2.
0
What is -5 - (19 + (-16 - ((-1 - 12) + 9)))?
-12
Evaluate -40 - -54 - (22 + -2 + 0).
-6
What is the value of -26 + 49 + (2 - 11)?
14
(-28 - 3) + 22 + -14
-23
-7 + (-12 + 7 - (3 + -8)) - 4
-11
(5 - 14 - -12) + 23 + 0
26
Evaluate (7 - (-2 + 37)) + 18.
-10
Calculate 13 - (7 + (0 - (2 + -1))) - 2.
5
Evaluate (1 + -1 - (-71 - -51)) + -4.
16
Evaluate 6 + -18 - (2 + -3 - -4).
-15
Evaluate 5 - ((3 - -13) + -27 + 20 + -5).
1
What is the value of 4 + 0 + (63 - (99 - 25))?
-7
What is the value of -17 + (0 - -14) + -13?
-16
Calculate 5 + (0 - (-3 - 4)) + -21.
-9
Evaluate 8 - (0 + (35 - 8) + (1 - -5)).
-25
Calculate 2 - 2 - -23 - 29.
-6
-13 + (8 - -5 - (1 - -1))
-2
Calculate 15 - (-17 + (4 - -3) - -12).
13
What is the value of 5 + 32 + -11 + (1 - -3)?
30
7 - (7 + -5 + (-7 - -6))
6
((-3 - -3) + -4 - 0) + 23
19
Calculate -5 - (-4 + -3 - (-8 + 2 + 3)).
-1
Calculate 13 + (-19 - (-7 - (-13 - -16))).
4
Evaluate (2 - -20) + (-6 + 7 - 6).
17
1715 + -1703 - (0 - (0 + 2))
14
-65 + (50 - -5 - 27)
-37
What is 15 - -1 - (968 - 936)?
-16
4 + 2 + (4 - 1) + -4
5
What is the value of -13 + 14 + (5 - 2) - (13 - 15)?
6
(10 - (1 + 8)) + 5 - 3
3
What is the value of -2 + (-4 - -9) + 3 + -8 - 3?
-5
What is the value of -3 - (2 + -3 + (5 - (-9 - -15)))?
-1
Evaluate -632 + 673 - (-1 + 41).
1
What is -7 - (-12 + 15) - -17?
7
6 - -1 - (11 - 4)
0
-1 + 2 + (21 + 4 - 15)
11
What is -775 + 772 - (-2 + 15 + (-1 - -3))?
-18
What is (66 - 56) + (1 - (0 + -1))?
12
Evaluate -13 + 10 + 2 - -15.
14
Evaluate 9 - (3 - (-8 + 0 - -12)).
10
(-81 - -172) + -110 + 7 + -4 + 2
-14
Calculate (-19 - 7) + 39 - 46.
-33
Evaluate -4 + (-10 - -33) + -10.
9
What is 4 + (-8 - 1 - 3) + 4 + 8?
4
What is the value of 5 + (7 - -1) + -14?
-1
Calculate 3 + 25 + -14 - 12.
2
Calculate (21 + 5 - ((5 - -9) + -7)) + -1.
18
What is the value of -376 - -411 - (0 + 71)?
-36
19 - 15 - -11 - 9
6
What is 8 + 0 - (2 + 1 - (-12 - -14))?
7
Evaluate (23 - 41) + 18 + 1.
1
13 - (-6 + 8 + (-11 - -11))
11
-9 + (1 + 13 - ((17 - 16) + 6))
-2
What is (-27 - (-3 - 12)) + 23 - (-3 + 32)?
-18
-4 + -2 + -5 + 26 + -20 + 9
4
0 + -1 - (-138 - -135) - (22 - 1)
-19
What is -2 + (-10 + -22 - -14)?
-20
What is the value of 0 + 5 + (-12 - (-9 - -2)) - 6?
-6
What is the value of -16 + 1 + 26 + 8?
19
-9 - (11 + -13 + -12)
5
Calculate (17 - 16) + 8 + -31 + 1.
-21
-13 - (-6 + 0 + -7)
0
-15 + 24 + -9 + -4
-4
Evaluate (24 - 22) + (4 - 7) - 1.
-2
-11 + -6 + 33 + -16
0
15 - (-10 + 20 + -16)
21
What is the value of -6 + (126 - 133) + (1 - 0 - -9)?
-3
What is the value of -7 + 2 + (127 - 126)?
-4
-8 + 18 - -11 - 18
3
What is the value of -2 - ((11 - 16) + 2)?
1
What is the value of (0 - -31) + -90 + 49 + 34?
24
What is 23 + -35 + 11 + 15?
14
What is the value of -1 - (-2 - -3) - (-20 - -20 - 4)?
2
What is the value of 11 + (-5 - (-12 + 9 + -3 + 5))?
7
Calculate -13 - (-6 + -6) - -1.
0
Evaluate -26 + 29 + -9 + -2.
-8
Evaluate -8 - (-7 + (7 + -2 - -3)).
-9
Evaluate (-35 - (-8 - 20)) + 30.
23
28 - (-23 - (7 - 23) - -16)
19
What is -16 - ((-4 - 36) + 27)?
-3
(-15 - -2 - (4 - (12 + -2))) + -1
-8
What is (19 + -13 - -4) + (2 - 2)?
10
What is -9 + (-6 - 0) - (-1 - 3)?
-11
What is the value of 14 + -3 + -12 + 12?
11
What is 17 + 1 - (24 - 17 - 25)?
36
(6 - 2) + (-2 - (0 + 5 - 1))
-2
Calculate -20 - (3 + -21 + (2 - 3) + 12).
-13
What is the value of -5 + 17 - -5 - 11?
6
Evaluate 1 + (-41 + 37 - (0 - -8)).
-11
What is the value of (-1 + -8 - -32) + 13 - (-4 + 11)?
29
What is the value of -1 + 6 - ((-3 - -8 - 6) + 11)?
-5
1 + (-7 - -6) + -25 + -3
-28
-7 + (-3 - 11 - -29) - -17
25
Calculate 27 - (-1 + (-7 - -27)).
8
Calculate -11 + -4 + -5 + 2 + -8 + 11.
-15
(52 - (36 + 0)) + (11 - -1)
28
Evaluate 20 - (1 + -2 + 11) - 17.
-7
-24 - (17 + (-51 - -19))
-9
What is the value of 7 + 1 - (-1071 + 1061)?
18
What is -10 - -15 - (0 - (-12 - -2))?
-5
Calculate 0 + 33 + 81 + -103.
11
-11 + -5 + -16 + 26 + 3
-3
Calculate 6 + (2 - (13 + -6) - -4).
5
What is -164 + 166 - ((1 - 2) + -4)?
7
What is (43 + -15 - 14) + 12 + 3?
29
What is -19 + 3 + -12 + 19?
-9
What is the value of 3 - (-7 + -5 - -13)?
2
Calculate (99 - 127) + (3 - -20).
-5
Evaluate -3 + (32 - 14 - 2) + -31.
-18
-33 + (23 + 2 - 18